20. What is the greatest common factor of i and 1?
1
Let i = -30 + 44. Calculate the greatest common divisor of 14 and i.
14
Let m(u) be the second derivative of -u**4/12 - 7*u**3/6 - 5*u**2/2 + u. Let g be m(-6). Calculate the greatest common divisor of g and 9.
1
Suppose 4*y = 2*a - 38, -6*y = -4*a - 2*y + 56. What is the highest common divisor of a and 3?
3
Let t(a) = -11*a + 4*a - 9*a - 2. Let o be t(-2). Calculate the greatest common divisor of 10 and o.
10
Suppose -5*p - z = 15, 0*p + 2*p + 6 = z. Let l be (0 + -1)/(1/p). Suppose -9 = l*t - 36. What is the greatest common factor of t and 9?
9
Suppose 0 = 2*k + 2*x - 7*x - 195, 4*k - 375 = 5*x. Let i = -46 - -96. Suppose -h - i = -6*h. What is the highest common factor of h and k?
10
Suppose 0 = 2*a - 4*x - 2, -9*a = -7*a - 3*x - 4. Let m = 76 - 41. What is the greatest common factor of m and a?
5
Let i = -64 + 24. Let h = 76 + i. Let y be (-4)/(-14) - 82/(-7). What is the greatest common divisor of h and y?
12
Let p = -75 + 201. Calculate the highest common divisor of p and 14.
14
Suppose -4*j = -2*b - 0*b - 8, 4*j + b - 2 = 0. Let k be (-10)/15*-3*j. Let i(q) = 7*q - 2. Let y be i(k). What is the highest common factor of 12 and y?
12
Suppose 4*u + 948 = 4*b - 704, 2*u + 801 = -3*b. Let m = -282 - u. Let c(r) = r**2 + 5*r + 8. Let l be c(-6). What is the greatest common divisor of l and m?
14
Let r = 3 + 1. Let g = 2 - -8. What is the greatest common factor of r and g?
2
Let x be (-1 - -6)/(1/2). Suppose 22 = 5*u + 7. Suppose 0 = -u*r + 22 - 7. What is the highest common divisor of x and r?
5
Let n(b) = -b**3 - 7*b**2 - 8*b. Let z be n(-6). Let g be (-190)/(-4) - 2/(-4). Let a be (g/15)/((-2)/(-15)). Calculate the highest common divisor of a and z.
12
Let d = -57 - -337. What is the greatest common factor of d and 40?
40
Let i = 40 + -16. What is the greatest common divisor of i and 12?
12
Suppose -61 = -0*c - 5*c - q, c = -4*q - 3. Calculate the highest common factor of c and 13.
13
Let h = -12 + 26. What is the highest common divisor of 56 and h?
14
Let f be 16 - (1 - -2)/((-15)/(-10)). What is the highest common factor of 21 and f?
7
Let z(g) be the third derivative of g**4/12 - 4*g**3/3 - 4*g**2. Let j be z(8). What is the greatest common divisor of 12 and j?
4
Let c(k) = -k**3 - 6*k**2 - 2*k. Let n be c(-6). Calculate the highest common divisor of 8 and n.
4
Let k(b) = b**3 + 5*b**2 - 3*b - 2. Let s be k(-5). Let x = 53 + -1. What is the greatest common factor of x and s?
13
Let p be 7 + (3 - (1 - -2))/2. What is the greatest common factor of 77 and p?
7
Suppose -5*j - 5 = -q + 6*q, -3*q = -4*j - 18. Suppose 2*a - q - 14 = 0. What is the highest common divisor of a and 8?
8
Suppose 5*n - 49 = -3*x, -4*x + 53 = -x + 4*n. Let d = 63 - x. Calculate the greatest common factor of d and 8.
8
Let o(v) = v**3 + 16*v**2 + 2. Let a be o(-16). Suppose -2*q + 21 = r, -2*q = 4*r - 3 - 9. Calculate the highest common factor of a and q.
2
Suppose -2*y + 5*m = -260, -4*y + 14 = 5*m - 566. Calculate the greatest common factor of 56 and y.
28
Suppose -2*w + 130 = 2*j, -5*w - 2*j + 317 = j. Suppose 5*c + 4*g = 650, 4*g + 285 = 5*c - 325. Let i = c + w. What is the greatest common factor of 17 and i?
17
Let s(t) = -t**2 + 5*t + 12. Let i be s(5). Calculate the greatest common factor of 72 and i.
12
Suppose -3*k = -7*k + 3*d + 8, 2*d = k + 3. What is the highest common factor of k and 45?
5
Let a be (-1)/((-2)/66) + 2. Let u be (a/(-21))/(2/(-36)). What is the highest common divisor of u and 20?
10
Suppose 5*s = d - 5*d + 56, -d + 28 = 3*s. Calculate the greatest common divisor of 24 and s.
8
Let r be (-1)/3 + (-208)/6. Let l = r - -49. What is the greatest common factor of l and 35?
7
Suppose 0 = -21*y + 23*y - 52. Suppose -9 = 4*q + 51. Let j be 0 + 0 - (2 + q). Calculate the highest common divisor of j and y.
13
Let o = 44 + -26. Calculate the highest common factor of 18 and o.
18
Let p(b) = -4 + 2*b - 4 + 3. Let h be p(4). What is the highest common divisor of 24 and h?
3
Let u be -1 - (-26)/4*2. Suppose 2*h + 1 = 3*h. Let k be -5 + 4 + u/h. What is the highest common factor of 11 and k?
11
Let v = -3 + -1. Let u be ((-7)/2)/(v/48). What is the highest common divisor of 28 and u?
14
Suppose -1 - 7 = -2*c. What is the greatest common factor of c and 12?
4
Let x = 56 - 16. Calculate the highest common divisor of 5 and x.
5
Suppose -7*f + 12*f = 80. What is the greatest common divisor of f and 128?
16
Let z(n) = n**3 + n**2 + n + 4. Let h be z(-3). Let x = 21 - 28. Let p = x - h. What is the greatest common factor of p and 30?
10
Let b be 86/18 + (-8)/(-36). Let s be b/2*(-4)/(-5). What is the greatest common divisor of 3 and s?
1
Let m(o) = -o**2 + o + 5. Let p be m(0). Suppose 13 = 4*s + 3*u, -5*s - p = -s - 3*u. What is the highest common divisor of s and 5?
1
Suppose a - 4 = 31. Calculate the highest common factor of 7 and a.
7
Let r = 0 + 2. Suppose -q - 2 = r, 100 = 3*a - q. Calculate the greatest common divisor of a and 48.
16
Suppose -2*j - 2*j = 0. Let f be -4*((-9)/4 + j). Let b = 126 + -27. Calculate the greatest common divisor of f and b.
9
Suppose 3*y = 235 + 365. Suppose y = 13*h - 9*h. Calculate the highest common factor of 25 and h.
25
Let f = 90 - 82. What is the greatest common factor of 24 and f?
8
Let y be 18/2*(6 + -3). Let k(a) = -3. Let z(m) = -m - 25. Let d(w) = 51*k(w) - 6*z(w). Let l be d(2). What is the highest common divisor of l and y?
9
Let y(q) = q**2 - q + 3. Let l be y(5). Let m = 34 - l. Let x(i) = 17*i + 4. Let k be x(3). What is the greatest common factor of k and m?
11
Let x be (1 - 0) + 201 - -2. Suppose -3*m + x = m. Let w be 9/(-54) - 103/(-6). What is the greatest common divisor of m and w?
17
Let j be 10/3 + (-1)/3. Suppose j*v = -0*v - 3. Let y be 1/v*-5*1. Calculate the highest common divisor of y and 20.
5
Let z(y) = 23*y - 11. Let q be z(4). What is the highest common divisor of q and 18?
9
Let b = -37 + 52. Suppose -4*c + 175 = -z, 2*c - 5*c = 4*z - 155. What is the highest common factor of b and c?
15
Suppose 5*q - 5*y = 607 + 1263, y = 2*q - 748. Calculate the greatest common factor of q and 34.
34
Suppose 0 = -4*p + 3*k + 18, 2*p + k - 16 = 6*k. Suppose p*h - 16 = -h. Suppose -h*v + 105 = 9. What is the greatest common factor of 6 and v?
6
Let h(d) = d**2 + 6*d + 5. Let y be h(-5). Suppose 7 = q + 3, y = 3*c + 2*q - 17. Calculate the greatest common divisor of 15 and c.
3
Suppose 32 = 5*l - 3*l. Let s(d) = 2*d**2 - 2*d + 4. Let u be s(-5). Calculate the highest common divisor of l and u.
16
Let d = 67 + -37. Suppose 2*j = -b + 20, d = 2*b - b - 3*j. Suppose 4*n = -u + b, 20 = 3*u + u - 3*n. Calculate the highest common divisor of 1 and u.
1
Let o(y) = -y**2 + 8*y - 6. Let p be o(5). Suppose -4*j + 41 = p. Calculate the highest common factor of 2 and j.
2
Let b = -91 - -114. Calculate the greatest common factor of 115 and b.
23
Let h(u) = 17*u - 2. Let l be h(3). Let v(o) = o - 12. Let b be v(19). What is the highest common divisor of b and l?
7
Let j be (-2)/(-6)*18/3. Let u = -4 + j. Let q be ((-96)/40)/(u/10). What is the highest common factor of q and 18?
6
Suppose 0*t - 3*t = -252. Suppose t = 4*y - 396. What is the highest common divisor of y and 15?
15
Let m(j) = 18*j - 1. Let f be m(13). Suppose 4*g + 2*b - 314 = 0, 3*g + 4*b - 3*b - f = 0. What is the highest common divisor of 19 and g?
19
Let p(i) = i**2 + 9*i - 15. Let l be p(-11). Suppose 3*w - 350 + 119 = 0. Calculate the highest common factor of w and l.
7
Suppose 6*j = -90 + 360. Calculate the greatest common divisor of 18 and j.
9
Suppose -2*x = -10, 4*x = -4*y - x + 29. Let u be y/(2/14) - 2. Calculate the greatest common divisor of 2 and u.
1
Suppose -3*l = -4*r + 35, 0 = -2*r - 5*l - 20 + 5. Let k be -7*3*(-22)/3. Let p = k - 109. What is the greatest common divisor of p and r?
5
Let x = 51 - 45. Calculate the greatest common divisor of x and 48.
6
Let u(n) = 8*n - 4. Let f(h) = h + 8. Let k be f(-6). Suppose -s = z - k - 5, -8 = -5*s + 4*z. Let d be u(s). What is the greatest common divisor of d and 7?
7
Let w be -2 + 242/10 + (-2)/10. Calculate the greatest common factor of w and 22.
22
Let w be 1 + 5 - (2 - -1). Let b be 115 - (w - 0/(-2)). Let a be (-4)/(-12) + (-94)/(-6). Cal